mainder when 1801047 is divided by 289.
288
Calculate the remainder when 17073 is divided by 400.
273
What is the remainder when 157135 is divided by 14?
13
What is the remainder when 10229 is divided by 10?
9
Calculate the remainder when 18948 is divided by 775.
348
What is the remainder when 569 is divided by 200?
169
Calculate the remainder when 3960 is divided by 148.
112
What is the remainder when 4221 is divided by 124?
5
Calculate the remainder when 861257 is divided by 46.
45
Calculate the remainder when 4413 is divided by 710.
153
What is the remainder when 15678 is divided by 98?
96
Calculate the remainder when 10520 is divided by 541.
241
Calculate the remainder when 135572 is divided by 237.
8
What is the remainder when 8608 is divided by 1715?
33
Calculate the remainder when 4418 is divided by 163.
17
Calculate the remainder when 2389 is divided by 113.
16
Calculate the remainder when 12695 is divided by 4005.
680
Calculate the remainder when 2115 is divided by 366.
285
Calculate the remainder when 4216 is divided by 170.
136
What is the remainder when 3421 is divided by 484?
33
What is the remainder when 487 is divided by 62?
53
Calculate the remainder when 1139 is divided by 133.
75
Calculate the remainder when 11229569 is divided by 495.
494
Calculate the remainder when 2690 is divided by 878.
56
What is the remainder when 12257 is divided by 3061?
13
What is the remainder when 7669 is divided by 318?
37
What is the remainder when 3004 is divided by 90?
34
What is the remainder when 12051 is divided by 42?
39
What is the remainder when 2790 is divided by 1274?
242
Calculate the remainder when 5958 is divided by 750.
708
What is the remainder when 25048 is divided by 4174?
4
Calculate the remainder when 927280 is divided by 5.
0
What is the remainder when 2756 is divided by 606?
332
Calculate the remainder when 16317 is divided by 32.
29
What is the remainder when 3107 is divided by 566?
277
Calculate the remainder when 5340 is divided by 33.
27
What is the remainder when 115235 is divided by 88?
43
Calculate the remainder when 143362 is divided by 12.
10
Calculate the remainder when 8099 is divided by 353.
333
Calculate the remainder when 88787 is divided by 683.
680
What is the remainder when 15470 is divided by 20?
10
Calculate the remainder when 44304 is divided by 106.
102
Calculate the remainder when 70052 is divided by 70.
52
Calculate the remainder when 3829 is divided by 414.
103
What is the remainder when 11161577 is divided by 23?
22
What is the remainder when 183 is divided by 83?
17
Calculate the remainder when 28610 is divided by 275.
10
What is the remainder when 404156 is divided by 134712?
20
Calculate the remainder when 138634 is divided by 4.
2
What is the remainder when 137404 is divided by 281?
276
What is the remainder when 3866 is divided by 8?
2
Calculate the remainder when 3402 is divided by 1072.
186
Calculate the remainder when 45747 is divided by 2178.
9
Calculate the remainder when 7210 is divided by 3488.
234
What is the remainder when 693 is divided by 653?
40
What is the remainder when 44917 is divided by 31?
29
What is the remainder when 1181 is divided by 533?
115
What is the remainder when 81645 is divided by 4082?
5
Calculate the remainder when 1834 is divided by 45.
34
What is the remainder when 3753640 is divided by 258?
256
Calculate the remainder when 204866 is divided by 103.
102
What is the remainder when 13314 is divided by 30?
24
Calculate the remainder when 24170 is divided by 106.
2
Calculate the remainder when 27983 is divided by 84.
11
What is the remainder when 1012750 is divided by 12?
10
Calculate the remainder when 5849 is divided by 1.
0
Calculate the remainder when 27412 is divided by 9128.
28
Calculate the remainder when 329109 is divided by 329094.
15
What is the remainder when 8208 is divided by 2047?
20
Calculate the remainder when 14487 is divided by 70.
67
Calculate the remainder when 1921 is divided by 147.
10
What is the remainder when 19671 is divided by 2809?
8
Calculate the remainder when 104143 is divided by 346.
343
Calculate the remainder when 102474 is divided by 427.
421
Calculate the remainder when 10412 is divided by 2557.
184
What is the remainder when 10112 is divided by 2327?
804
Calculate the remainder when 457 is divided by 27.
25
Calculate the remainder when 9565 is divided by 9497.
68
What is the remainder when 5015 is divided by 13?
10
Calculate the remainder when 8429 is divided by 106.
55
What is the remainder when 8621 is divided by 2866?
23
What is the remainder when 4131 is divided by 146?
43
What is the remainder when 84578 is divided by 198?
32
Calculate the remainder when 3754 is divided by 320.
234
Calculate the remainder when 282200 is divided by 7.
2
Calculate the remainder when 27619 is divided by 12.
7
Calculate the remainder when 15680 is divided by 5071.
467
Calculate the remainder when 2471 is divided by 48.
23
What is the remainder when 4647 is divided by 356?
19
What is the remainder when 544411 is divided by 29?
23
Calculate the remainder when 1769 is divided by 165.
119
Calculate the remainder when 46680 is divided by 34.
32
What is the remainder when 4199 is divided by 22?
19
Calculate the remainder when 66399 is divided by 9.
6
What is the remainder when 93855 is divided by 142?
135
What is the remainder when 42348 is divided by 298?
32
Calculate the remainder when 316796 is divided by 32.
28
Calculate the remainder when 1133504 is divided by 769.
767
Calculate the remainder when 5216 is divided by 724.
148
Calculate the remainder when 1350 is divided by 1224.
126
Calculate the remainder when 1163 is divided by 241.
199
What is the remainder when 7020 is divided by 2229?
333
Calculate the remainder when 1941696 is divided by 22.
20
Calculate the remainder when 12088 is divided by 107.
104
Calculate the remainder when 31307 is divided by 202.
199
What is the remainder when 114659 is divided by 156?
155
What is the remainder when 75330 is divided by 32?
2
What is the remainder when 18283 is divided by 1216?
43
Calculate the remainder when 1390 is divided by 463.
1
Calculate the remainder when 14395 is divided by 160.
155
Calculate the remainder when 4903 is divided by 951.
148
What is the remainder when 44072 is divided by 153?
8
Calculate the remainder when 8299 is divided by 910.
109
Calculate the remainder when 6996 is divided by 939.
423
Calculate the remainder when 253049 is divided by 15.
14
Calculate the remainder when 942479 is divided by 1428.
1427
Calculate the remainder when 57012 is divided by 5.
2
What is the remainder when 164961 is divided by 708?
705
What is the remainder when 278 is divided by 194?
84
What is the remainder when 3955 is divided by 88?
83
Calculate the remainder when 837 is divided by 749.
88
Calculate the remainder when 170517 is divided by 168.
165
Calculate the remainder when 7236 is divided by 287.
61
What is the remainder when 13452 is divided by 448?
12
What is the remainder when 24010 is divided by 7918?
256
Calculate the remainder when 629091 is divided by 69899.
0
Calculate the remainder when 8892 is divided by 4433.
26
Calculate the remainder when 15869 is divided by 1346.
1063
What is the remainder when 19998 is divided by 281?
47
Calculate the remainder when 817 is divided by 10.
7
Calculate the remainder when 52921 is divided by 9.
1
What is the remainder when 2982503 is divided by 2138?
2131
Calculate the remainder when 487823 is divided by 23229.
14
What is the remainder when 91829 is divided by 271?
231
What is the remainder when 8309 is divided by 37?
21
What is the remainder when 25951 is divided by 419?
392
What is the remainder when 19681 is divided by 3?
1
Calculate the remainder when 3427199 is divided by 175.
174
Calculate the remainder when 854 is divided by 15.
14
What is the remainder when 1688 is divided by 127?
37
Calculate the remainder when 503 is divided by 155.
38
Calculate the remainder when 2799 is divided by 397.
20
Calculate the remainder when 6899 is divided by 10.
9
Calculate the remainder when 36902 is divided by 150.
2
Calculate the remainder when 6298 is divided by 50.
48
What is the remainder when 5998 is divided by 525?
223
What is the remainder when 7